f8bd27 (base 16) to base 11.
-92244a0
What is -699907 (base 10) in base 16?
-aae03
Convert 25212 (base 7) to base 9.
10070
What is 1aab56d (base 14) in base 11?
757aa08
33104 (base 14) to base 15
269a5
What is -d79b50 (base 15) in base 11?
-5877963
Convert 110112202100 (base 3) to base 10.
246951
Convert -1104327 (base 8) to base 9.
-502574
Convert -6080334 (base 9) to base 5.
-1312211113
Convert 1484122 (base 9) to base 4.
3020331212
What is 18569a (base 11) in base 14?
7616d
Convert -470ab6 (base 14) to base 10.
-2422328
What is 1273056 (base 8) in base 12?
15317a
Convert 47b225 (base 14) to base 8.
11262601
b2ac (base 15) to base 14
da77
Convert 1163537 (base 8) to base 10.
321375
2db8cd (base 15) to base 16
21d039
Convert 11aa4b0 (base 12) to base 10.
3460164
Convert -110111110101000001 (base 2) to base 12.
-b0401
Convert 1232212110 (base 4) to base 6.
13413140
What is -26bbd (base 16) in base 7?
-1230355
Convert -110267 (base 12) to base 10.
-269935
Convert -27c45c (base 15) to base 5.
-442231422
-3213123310 (base 4) to base 15
-13ad21
-144123040 (base 6) to base 3
-12122021010220
-10311345 (base 6) to base 9
-514232
142b15 (base 15) to base 11
603687
45077a (base 12) to base 8
4144516
What is 481934 (base 10) in base 9?
814072
11201221020211 (base 3) to base 16
266c86
What is -6ee2 (base 16) in base 5?
-1402021
5dec72 (base 15) to base 4
101023313201
What is -2320640 (base 7) in base 9?
-482858
What is -144018 (base 14) in base 6?
-23020130
20257707 (base 8) to base 6
231454555
What is 132256 (base 8) in base 3?
2100110010
-1c4e90 (base 15) to base 5
-323234120
18cca (base 15) to base 5
10034030
-342728 (base 9) to base 4
-302022002
-269a302 (base 12) to base 13
-1786a60
Convert 1799927 (base 14) to base 9.
23851435
15176 (base 9) to base 11
7865
2865714 (base 9) to base 8
6013561
Convert 10314043 (base 5) to base 9.
144537
Convert -2730036 (base 8) to base 2.
-10111011000000011110
What is 12333240 (base 5) in base 14?
3219c
44330304 (base 5) to base 3
201121221111
Convert 100100111000001111110 (base 2) to base 13.
334075
Convert 33a86 (base 12) to base 9.
114503
What is 101100111000010 (base 2) in base 3?
1011112001
What is 141140114 (base 5) in base 6?
23305425
Convert 721278 (base 10) to base 6.
23243130
What is 9132123 (base 10) in base 11?
5178110
Convert -3b3aa (base 13) to base 3.
-12121120111
What is 2b78273 (base 12) in base 4?
201311021313
Convert 48725 (base 14) to base 11.
110aa9
What is 110100010221 (base 3) in base 10?
242863
Convert 1028377 (base 11) to base 2.
110111010010111100010
101021212200 (base 3) to base 9
337780
What is 14040 (base 13) in base 14?
d8b7
102200301 (base 4) to base 7
434031
Convert 87 (base 14) to base 3.
11102
1153433 (base 7) to base 9
244552
Convert -30ab3 (base 15) to base 7.
-1211556
Convert -310066410 (base 7) to base 14.
-25a0b77
Convert -122b (base 12) to base 8.
-4003
What is -1201111001 (base 3) in base 16?
-845e
What is -1a12a8 (base 13) in base 5?
-132101301
112212011002 (base 3) to base 16
47657
1011011011110100011 (base 2) to base 6
12010403
Convert -113002 (base 13) to base 7.
-3311656
Convert 3013002221 (base 4) to base 16.
c70a9
What is -30674 (base 11) in base 12?
-21a76
What is 111120022 (base 5) in base 3?
220211110022
What is 6631536 (base 9) in base 15?
4a5e10
What is 2848050 (base 10) in base 16?
2b7532
-5a525 (base 16) to base 15
-7493c
What is -121210210021012 (base 3) in base 14?
-12870d0
2214055 (base 8) to base 4
2101200231
-101132311 (base 4) to base 10
-71605
108047 (base 9) to base 8
176634
-10300311014 (base 5) to base 9
-22535287
596621 (base 11) to base 4
3212321133
122201202103 (base 4) to base 9
14066774
What is 4304514 (base 7) in base 13?
153b76
52498 (base 14) to base 12
96a46
Convert -33024121 (base 5) to base 12.
-117964
What is 23003563 (base 7) in base 11?
1147711
-533052 (base 9) to base 2
-1001101011011101010
Convert -4134133 (base 6) to base 7.
-1456533
153133 (base 8) to base 2
1101011001011011
What is 166b1c2 (base 13) in base 16?
6ea1fb
What is -11210244 (base 5) in base 6?
-2054111
Convert 23121215 (base 6) to base 5.
140214012
Convert -2365 (base 10) to base 6.
-14541
615712 (base 8) to base 6
4211054
Convert -101121120000121 (base 3) to base 14.
-a6b6db
36a73c (base 13) to base 14
260ba9
-1958793 (base 12) to base 9
-11044643
What is -9b00 (base 16) in base 6?
-503412
418860 (base 12) to base 2
11111011101111001000
-1031836 (base 9) to base 10
-552534
Convert 1041530 (base 6) to base 7.
305226
Convert 2d4c6 (base 16) to base 8.
552306
Convert -1100001101101010010011 (base 2) to base 15.
-4339a8
What is 3022255 (base 6) in base 10?
143099
Convert -54868 (base 9) to base 3.
-1211222022
Convert 1042345 (base 10) to base 11.
652147
What is 5605 (base 16) in base 7?
121126
-25204600 (base 7) to base 14
-4316a7
Convert -120350 (base 9) to base 12.
-35b23
What is -116862 (base 11) in base 3?
-100101101021
What is 310311100 (base 5) in base 2?
100110011101001110110
393547 (base 10) to base 13
10a18b
Convert 23022 (base 6) to base 16.
cb6
What is 322004420 (base 5) in base 16?
14c071
Convert 106760 (base 10) to base 4.
122010020
-442404 (base 6) to base 4
-21000010
-cace9 (base 16) to base 3
-1120012111120
Convert -110000011101001 (base 2) to base 13.
-b3a5
What is 16c6369 (base 13) in base 3?
111221112002021
What is -10411513 (base 6) in base 14?
-81d89
-2877076 (base 9) to base 2
-110000011010011000101
161012603 (base 7) to base 14
161ba3a
Convert -175 (base 9) to base 8.
-225
What is -116546666 (base 7) in base 2?
-11100001100010001000101
What is -a97a60 (base 14) in base 11?
-3274532
What is -15316 (base 8) in base 13?
-317b
1004410122 (base 5) to base 11
1166292
What is -1121011202120 (base 3) in base 13?
-239a84
-10210112111 (base 3) to base 16
-123fd
Convert 2763b5 (base 12) to base 11.
4071a1
What is -62ebda (base 16) in base 15?
-880cdb
Convert 3467825 (base 10) to base 2.
1101001110101000110001
Convert -114d473 (base 15) to base 14.
-1909dd5
-954887 (base 10) to base 5
-221024022
What is -94982 (base 10) in base 14?
-26886
What is -54507 (base 15) in base 14?
-6d817
-22ca34b (base 13) to base 11
-6090290
Convert 2dda73 (base 15) to base 12.
8b2630
-313011300 (base 4) to base 6
-4500400
Convert 307719 (base 15) to base 4.
20302111311
Convert -40748c (base 13) to base 15.
-1e9c98
-ca887 (base 14) to base 9
-826276
What is 31326 (base 11) in base 15?
d7d0
What is 2012020101222 (base 3) in base 11?
727010
Convert -20033013 (base 4) to base 11.
-23389
30032211322 (base 4) to base 14
5d6282
Convert 473921 (base 10) to base 9.
802078
What is 110000011200121 (base 3) in base 10?
6380710
200111 (base 11) to base 9
541018
What is 1101110101110101010000 (base 2) in base 9?
6740160
8b169 (base 14) to base 8
1223611
1000000010110010 (base 2) to base 6
412310
What is 110011010111000000111 (base 2) in base 16?
19ae07
What is 1216426 (base 7) in base 2?
100110000100100010
-10101011000000000011010 (base 2) to base 15
-75a3be
-40531442 (base 6) to base 10
-1162898
Convert 11001011001000110101 (base 2) to base 14.
179325
167a86 (base 16) to base 2
101100111101010000110
Convert -11148639 (base 10) to base 5.
-10323224024
Convert -102011120001 (base 3) to base 6.
-4413431
What is -143011220 (base 5) in base 8?
-2672332
What is -353242 (base 7) in base 4?
-33201133
2204014401 (base 5) to base 3
22221101110100
What is 2122661 (base 8) in base 12?
233b55
What is -2a243 (base 14) in base 10?
-104723
230100122 (base 4) to base 13
64682
23f2c8 (base 16) to base 7
26011356
What is -21203003212 (base 4) in base 2?
-1001100011000011100110
Convert -17886058 (base 9) to base 15.
-bd63c8
What is -224301 (base 8) in base 13?
-2876a
What is 3429bb (base 13) in base 14?
241ac8
What is -11441342 (base 5) in base 12?
-53090
What is -153503331 (base 6) in base 15?
-445914
Convert -110302311 (base 6) to base 12.
-7b7997
What is 1100101010110111011 (base 2) in base 13?
116c78
Convert 96c84 (base 15) to base 10.
478699
-407250 (base 8) to base 14
-371c4
What is 775801 (base 10) in base 15?
104d01
Convert -282b951 (base 12) to base 16.
-7a718d
What is 28b306 (base 12) in base 4?
2212233312
Convert 50492 (base 10) to base 15.
ee62
What is -2203210222 (base 4) in base 14?
-13624a
What is